{"id":12,"date":"2026-03-24T20:53:39","date_gmt":"2026-03-24T23:53:39","guid":{"rendered":"https:\/\/premiacao.causp.gov.br\/poderpublico\/?page_id=12"},"modified":"2026-04-29T09:10:11","modified_gmt":"2026-04-29T12:10:11","slug":"recuperar-senha","status":"publish","type":"page","link":"https:\/\/premiacao.causp.gov.br\/poderpublico\/recuperar-senha\/","title":{"rendered":"Recuperar Senha"},"content":{"rendered":"\n<div class=\"wp-block-columns is-layout-flex wp-container-core-columns-is-layout-701c2d95 wp-block-columns-is-layout-flex\" style=\"padding-top:var(--wp--preset--spacing--80);padding-bottom:var(--wp--preset--spacing--80)\">\n<div class=\"wp-block-column is-layout-flow wp-block-column-is-layout-flow\"><\/div>\n\n\n\n<div class=\"wp-block-column is-layout-flow wp-block-column-is-layout-flow\"><div class=\"w-100 wp-block-wmj-forms-password-reset\">        <div class=\"wmj-forms-password-reset-container wmj-forms-password-reset-card\" data-mode=\"request\" data-login-type=\"cpf\">\n                        <div class=\"card\">\n                                <div class=\"card-header text-center\">\n                    <h3 class=\"card-title mb-1\">Recuperar Senha<\/h3>\n                                            <p class=\"card-subtitle text-body-secondary mb-0\">Digite seu identificador abaixo para receber um link de recupera\u00e7\u00e3o.<\/p>\n                                    <\/div>\n                                <div class=\"card-body\">\n            \n                <div class=\"wmj-forms-password-reset-alerts d-none\"><\/div>\n\n                <!-- Request Form -->\n                <form class=\"wmj-forms-password-reset-request-form\" method=\"post\" novalidate>\n                    <input type=\"hidden\" name=\"login_type\" value=\"cpf\">\n                    <input type=\"hidden\" name=\"reset_page_url\" value=\"https:\/\/premiacao.causp.gov.br\/poderpublico\/recuperar-senha\/\">\n                    <input type=\"hidden\" id=\"wmj_reset_nonce\" name=\"wmj_reset_nonce\" value=\"49d056d472\" \/><input type=\"hidden\" name=\"_wp_http_referer\" value=\"\/poderpublico\/wp-json\/wp\/v2\/pages\/12\" \/>\n                    <div class=\"wmj-forms-field\">\n                        <label for=\"wmj-reset-identifier\" class=\"form-label\">\n                            CPF                            <span class=\"text-danger\">*<\/span>\n                        <\/label>\n                        <input\n                            type=\"text\"\n                            name=\"identifier\"\n                            id=\"wmj-reset-identifier\"\n                            class=\"form-control\"\n                            placeholder=\"000.000.000-00\"\n                            data-mask=\"000.000.000-00\"                            required\n                            autocomplete=\"username\"\n                        >\n                        <div class=\"invalid-feedback\"><\/div>\n                    <\/div>\n\n                    <div class=\"wmj-forms-password-reset-submit\">\n                        <button type=\"submit\" class=\"btn btn-primary btn-lg w-100\"><span class=\"wmj-forms-submit-text\">Enviar Link de Recupera\u00e7\u00e3o<\/span><span class=\"wmj-forms-submit-loading d-none\"><span class=\"spinner-border spinner-border-sm\" role=\"status\" aria-hidden=\"true\"><\/span> Enviando&#8230;<\/span><\/button>                    <\/div>\n\n                    <div class=\"wmj-forms-password-reset-back text-center\"><a href=\"https:\/\/premiacao.causp.gov.br\/poderpublico\/login\/\" target=\"_self\">&larr; Voltar ao login<\/a><\/div>                <\/form>\n\n                <!-- Success Message (initially hidden) -->\n                <div class=\"wmj-forms-password-reset-success d-none\">\n                    <div class=\"alert alert-success\" role=\"alert\">\n                        <h4 class=\"alert-heading\">Link Enviado!<\/h4>\n                        <p>Se o identificador informado estiver cadastrado, voc\u00ea receber\u00e1 um e-mail com as instru\u00e7\u00f5es para redefinir sua senha.<\/p>\n                        <hr>\n                        <p class=\"mb-0\">\n                            Verifique sua caixa de entrada e pasta de spam.                        <\/p>\n                    <\/div>\n                                            <div class=\"wmj-forms-password-reset-back text-center\">\n                            <a href=\"https:\/\/premiacao.causp.gov.br\/poderpublico\/login\/\" class=\"btn btn-outline-primary\" target=\"_self\">\n                                &larr; Voltar ao login                            <\/a>\n                        <\/div>\n                                    <\/div>\n\n                            <\/div>\n            <\/div>\n                    <\/div>\n        <\/div><\/div>\n\n\n\n<div class=\"wp-block-column is-layout-flow wp-block-column-is-layout-flow\"><\/div>\n<\/div>\n","protected":false},"excerpt":{"rendered":"","protected":false},"author":0,"featured_media":0,"parent":0,"menu_order":0,"comment_status":"closed","ping_status":"closed","template":"page-centered","meta":{"_wmj_restricted":"","footnotes":""},"class_list":["post-12","page","type-page","status-publish","hentry"],"_links":{"self":[{"href":"https:\/\/premiacao.causp.gov.br\/poderpublico\/wp-json\/wp\/v2\/pages\/12","targetHints":{"allow":["GET"]}}],"collection":[{"href":"https:\/\/premiacao.causp.gov.br\/poderpublico\/wp-json\/wp\/v2\/pages"}],"about":[{"href":"https:\/\/premiacao.causp.gov.br\/poderpublico\/wp-json\/wp\/v2\/types\/page"}],"replies":[{"embeddable":true,"href":"https:\/\/premiacao.causp.gov.br\/poderpublico\/wp-json\/wp\/v2\/comments?post=12"}],"version-history":[{"count":3,"href":"https:\/\/premiacao.causp.gov.br\/poderpublico\/wp-json\/wp\/v2\/pages\/12\/revisions"}],"predecessor-version":[{"id":53,"href":"https:\/\/premiacao.causp.gov.br\/poderpublico\/wp-json\/wp\/v2\/pages\/12\/revisions\/53"}],"wp:attachment":[{"href":"https:\/\/premiacao.causp.gov.br\/poderpublico\/wp-json\/wp\/v2\/media?parent=12"}],"curies":[{"name":"wp","href":"https:\/\/api.w.org\/{rel}","templated":true}]}}